 the greatest common divisor of 9846 and 504.
18
What is the greatest common factor of 371286 and 54?
18
Calculate the greatest common divisor of 1252 and 238819.
313
What is the greatest common divisor of 302 and 1488105?
151
What is the greatest common factor of 6536 and 3956?
172
Calculate the greatest common divisor of 3346 and 44693.
239
Calculate the greatest common factor of 675 and 164025.
675
Calculate the greatest common divisor of 165 and 46875.
15
What is the greatest common factor of 372 and 3424353?
93
Calculate the greatest common factor of 2935 and 95681.
587
What is the greatest common divisor of 26334 and 10890?
198
Calculate the highest common factor of 37457 and 378.
7
What is the highest common factor of 6748 and 84?
28
Calculate the greatest common divisor of 1808 and 459006.
226
What is the greatest common divisor of 1248 and 143052?
156
What is the greatest common factor of 749 and 91271?
107
What is the greatest common factor of 4272 and 37914?
534
What is the highest common factor of 203 and 7018?
29
What is the greatest common factor of 145 and 11977?
29
Calculate the greatest common factor of 316 and 326902.
158
Calculate the greatest common factor of 6794 and 2844.
158
Calculate the greatest common divisor of 16542 and 12.
6
What is the greatest common factor of 2041 and 923?
13
Calculate the highest common divisor of 269315 and 122.
61
What is the highest common divisor of 3320 and 90?
10
Calculate the highest common factor of 238 and 46546.
34
What is the greatest common factor of 8 and 1478208?
8
Calculate the highest common factor of 663082 and 140.
14
Calculate the highest common factor of 1154564 and 62.
62
Calculate the highest common factor of 208830 and 90.
30
Calculate the greatest common divisor of 3016 and 3406.
26
Calculate the greatest common divisor of 616 and 196882.
14
What is the greatest common divisor of 537298 and 466?
466
What is the highest common divisor of 80956 and 14208?
148
What is the highest common factor of 130186 and 68?
34
What is the highest common divisor of 35 and 487221?
7
Calculate the highest common factor of 5629 and 9959.
433
What is the highest common factor of 68 and 16966?
34
What is the greatest common divisor of 92 and 45333?
23
Calculate the highest common factor of 6708 and 13932.
516
Calculate the greatest common divisor of 150 and 458.
2
Calculate the greatest common divisor of 2 and 12646.
2
What is the highest common factor of 3213 and 62832?
357
What is the greatest common divisor of 8 and 1321?
1
What is the greatest common divisor of 109417 and 84?
7
What is the highest common factor of 106106 and 462?
154
Calculate the highest common factor of 117 and 2925.
117
What is the greatest common divisor of 100784 and 72?
8
What is the greatest common factor of 332 and 85324?
332
Calculate the highest common factor of 535462 and 316.
158
Calculate the greatest common divisor of 245 and 659960.
35
Calculate the greatest common divisor of 3079916 and 7.
7
What is the greatest common divisor of 720 and 311200?
80
What is the greatest common factor of 13735 and 237185?
205
Calculate the highest common divisor of 1053 and 3807.
81
Calculate the greatest common divisor of 8568 and 6783.
357
What is the highest common divisor of 18 and 319131?
9
Calculate the highest common factor of 2510 and 702298.
502
Calculate the highest common divisor of 180 and 10980.
180
Calculate the highest common divisor of 4945 and 8.
1
Calculate the greatest common divisor of 2576 and 2162.
46
Calculate the highest common factor of 337251 and 474.
237
What is the highest common divisor of 703 and 197?
1
What is the greatest common factor of 8631 and 2?
1
Calculate the highest common divisor of 12587 and 451.
41
Calculate the greatest common divisor of 1577 and 24319.
83
Calculate the greatest common divisor of 887188 and 12.
4
What is the greatest common factor of 60572 and 722?
38
Calculate the greatest common divisor of 1127 and 98.
49
Calculate the greatest common divisor of 12285 and 3640.
455
Calculate the highest common factor of 67452 and 770.
154
Calculate the highest common divisor of 28 and 2308502.
14
What is the greatest common divisor of 2206 and 2?
2
What is the greatest common factor of 4998 and 14518?
238
What is the greatest common factor of 5080 and 328?
8
Calculate the highest common factor of 14526 and 5918.
538
What is the greatest common divisor of 2655 and 59?
59
Calculate the greatest common factor of 181480 and 20.
20
What is the greatest common factor of 161007 and 2244?
561
What is the highest common factor of 1464210 and 11?
11
Calculate the greatest common divisor of 67814 and 123.
41
Calculate the greatest common divisor of 104539 and 428.
107
Calculate the greatest common divisor of 9990 and 32930.
370
Calculate the highest common divisor of 7140 and 272748.
1428
Calculate the highest common divisor of 2466 and 344418.
822
What is the greatest common divisor of 13767 and 2301?
39
Calculate the highest common factor of 1557 and 4581.
9
What is the highest common divisor of 291192 and 1584?
264
What is the greatest common divisor of 832979 and 399?
133
What is the greatest common divisor of 683269 and 29?
29
Calculate the greatest common factor of 120 and 90165.
15
Calculate the highest common divisor of 2090 and 12430.
110
What is the highest common factor of 566447 and 532?
133
What is the highest common factor of 23785 and 2010?
335
Calculate the highest common divisor of 23153 and 16562.
169
What is the highest common divisor of 37 and 334813?
37
What is the greatest common divisor of 8991 and 18?
9
Calculate the highest common factor of 266436 and 108.
108
What is the highest common factor of 754268 and 16803?
1867
What is the highest common divisor of 546 and 4381?
13
Calculate the highest common factor of 24228 and 288.
36
Calculate the greatest common factor of 789 and 696161.
263
What is the highest common factor of 9540 and 1164410?
530
What is the highest common factor of 124974 and 53?
53
What is the highest common divisor of 26460 and 12152?
196
Calculate the highest common factor of 704 and 6919616.
704
Calculate the greatest common factor of 33 and 288057.
33
What is the greatest common divisor of 261903 and 4422?
201
Calculate the highest common factor of 10402 and 252.
14
Calculate the greatest common factor of 23320 and 1908.
212
What is the greatest common factor of 554708 and 308?
308
What is the highest common factor of 513 and 261?
9
Calculate the highest common factor of 1649 and 806555.
97
Calculate the highest common factor of 979 and 737.
11
What is the highest common divisor of 4115286 and 1197?
1197
What is the greatest common factor of 641 and 43?
1
What is the greatest common divisor of 69510 and 98?
14
What is the highest common factor of 1110 and 2610?
30
What is the greatest common factor of 500 and 660750?
250
Calculate the highest common divisor of 1970696 and 24.
8
What is the greatest common factor of 24 and 32313?
3
What is the greatest common divisor of 165294 and 108?
54
What is the highest common factor of 2032 and 7493?
127
Calculate the highest common divisor of 31296 and 432.
48
What is the highest common factor of 1741992 and 336?
168
Calculate the highest common divisor of 588 and 1148.
28
What is the greatest common factor of 60 and 152970?
30
What is the highest common factor of 6612 and 14364?
228
Calculate the highest common factor of 209138 and 530.
106
Calculate the greatest common factor of 426019 and 22.
11
What is the greatest common divisor of 324 and 31452?
12
Calculate the greatest common factor of 72 and 6941232.
72
Calculate the greatest common divisor of 4075 and 2400.
25
What is the highest common divisor of 4 and 1850?
2
Calculate the greatest common divisor of 6 and 2643.
3
What is the highest common divisor of 176 and 149908?
44
What is the highest common factor of 154032 and 12?
12
What is the greatest common divisor of 2337 and 19323?
57
What is the greatest common factor of 1862 and 65702?
266
Calculate the greatest common divisor of 2656217 and 79.
79
Calculate the greatest common divisor of 269 and 8129987.
269
What is the greatest common divisor of 11184 and 3594?
6
Calculate the highest comm